 the units digit of w?
2
Let i(c) = c**3 - c**2 - c - 1. Let n(j) = 3*j**3 - 6*j**2 - 2*j - 2. Let w(l) = -2*i(l) + n(l). Let u be w(3). Let t = 40 - u. What is the units digit of t?
9
Let z(t) = 11*t - 22. Let o be -1 + (-3 + -8)/(-1). What is the units digit of z(o)?
8
Suppose b - 3*j = -0*b - 3, 4*j = -b + 11. Suppose 4*u = -0*u + 668. Suppose -k = -b*p - 52, -5*k - 2*p = -2*k - u. What is the tens digit of k?
5
Suppose -381 = 5*a - 8*p + 6*p, 5*p - 15 = 0. What is the hundreds digit of ((-80)/(-24))/((-1)/a*1)?
2
Suppose -3*x + 4 = -17. Suppose -12 = 4*t, 0*t = -2*p + t + x. Suppose -25 = -5*u, -p*q - 3*q - 5*u = -75. What is the tens digit of q?
1
Suppose -2*p + 440 = 5*r, -3*r - 5 = -17. What is the hundreds digit of p?
2
Suppose w + 4*a = -a - 25, 5*w - 4*a + 154 = 0. Let y be 3/(-2)*100/w. Suppose 0 = -4*f + y*u + 81, u = -4*f + 5*u + 80. What is the units digit of f?
9
Let c = 95 - -2. Let h = c - 89. What is the units digit of h?
8
Let x = 27 - 23. Suppose 0 = 4*u + x*b - 1016, b = 3*b. What is the tens digit of u?
5
Suppose 3*j - 6*j + 465 = -4*o, -o + 5*j = 129. Let w = -32 - o. What is the units digit of w?
2
Suppose 0 = 4*s + n - 3373 - 672, -2*s + 2040 = 4*n. What is the thousands digit of s?
1
Let d(l) = 6*l**2 - 16*l - 42. What is the units digit of d(-4)?
8
Let x(a) = 29*a**2 - 5*a - 1 + 30*a**2 - 58*a**2. Let h be x(6). Suppose 7*u - 48 = h*u. What is the units digit of u?
4
Let q be (1461 - -25)/(2*1). Suppose q = 9*y - 535. What is the units digit of y?
2
Let j(g) = 204*g + 211. What is the hundreds digit of j(17)?
6
What is the units digit of (-1298)/(-4) - 105/(-70)?
6
Let j = -46 + 45. Let m = j - -40. What is the units digit of m?
9
Let h(k) = 47*k + 443. What is the hundreds digit of h(8)?
8
Suppose 4*w + 2*w = 1836. Suppose -5*k - 5*z + 345 = 0, 4*k - w + 58 = 3*z. What is the units digit of k?
5
Let g be (-5)/3*(0 - -3). What is the units digit of 5/150*6 + (-229)/g?
6
Let f(g) = -g**3 - 4*g**2 + 4*g - 1. Let a be f(-5). What is the tens digit of -1*(3 + a*-8)?
2
Suppose m = -6*m + 280. Let o be 10/35 + m/7. What is the units digit of (12/14)/(o/378)?
4
Let t(r) = -7*r**3 - 7*r**2 + 3*r + 3. What is the hundreds digit of t(-3)?
1
Suppose i + 1392 = -2*i. Let v be i/(-18) - (-6)/27. Suppose -3*a - 3*p + 54 = 0, -5*a + v = 2*p - 61. What is the tens digit of a?
1
Suppose 253*r = 254*r - 1270. What is the thousands digit of r?
1
Let p = 172 + -137. What is the tens digit of p?
3
Let t(g) = g**3 - 6*g**2 + 6*g - 2. Let v be t(5). Suppose -h - 3 = v*q - 4*h, -2*h = 4*q - 20. Suppose q*k + 20 = 4*k. What is the tens digit of k?
2
Let b(r) = -17*r + 40. Let a(i) = 12*i - 27. Let l(d) = 7*a(d) + 5*b(d). Suppose -3*c + 8 = -16. What is the units digit of l(c)?
3
Let r = 0 + -252. Let q = -161 - r. What is the tens digit of q?
9
Let h(m) = -413*m - 37. What is the hundreds digit of h(-5)?
0
Let r(a) = -a. Let w(g) = 91*g - 5. Let y(v) = -5*r(v) - w(v). What is the units digit of y(-1)?
1
Let h = -36 + 41. Suppose 5*x - 310 = -5*a, -3*x - 246 = -h*a + 88. What is the units digit of a?
5
Let s be ((-6)/(-5))/(15/50). What is the tens digit of (2/s)/((-1097)/366 - -3)?
8
Let y be (2/(-4))/((-2)/12). Suppose 2 + 7 = -y*p. What is the units digit of 12/8*(-2)/p?
1
Let y = 6 - 6. Let r be y/(7/(7/2)). Suppose r*k = 3*k - 192. What is the units digit of k?
4
Let u be 8/7*9 - (-56)/(-196). What is the units digit of (-5 + 98/10)*u?
8
Suppose 4*a + 0*a + 8 = 0. Let z be (-4)/((-2 + 0)/a). What is the units digit of z/(-2) - 1/1?
1
What is the thousands digit of (-28566)/(-24)*(-12)/(-9)?
1
Let a = -108 + 114. Suppose 0 = -a*d + 262 + 1010. What is the hundreds digit of d?
2
Let z be (-2)/((-8)/(-70))*2. Let h(l) = -l**2 + 25*l - 6. Let v be h(22). Let b = v + z. What is the units digit of b?
5
What is the tens digit of -6*6/(-12)*13?
3
Suppose 36800 = 21*p + 3767. What is the hundreds digit of p?
5
Let y = -12 + 21. Let j be (-60)/9*y/(-2). Suppose n - 23 = -2*x, j = 5*n + 4*x - 67. What is the units digit of n?
7
Let m = -362 + 178. Let u = -94 - m. What is the tens digit of u?
9
Let y = -343 - -619. What is the hundreds digit of y?
2
Let w(s) = 9*s**3 - 3*s**2 - 20*s + 151. What is the hundreds digit of w(6)?
8
Let x(n) = -5*n + 12. Let h be x(-12). Suppose j + h = 5*j. What is the tens digit of j?
1
Suppose -5*i = 15, 5*h - 5*i - 5829 = -7*i. What is the hundreds digit of h?
1
Let o be 4/(-12)*-3 + -1. Suppose o*n = -n - 9. Let l = 36 + n. What is the tens digit of l?
2
Suppose 0 = -13*c + 72 - 7. Suppose s = 2*s - 4*z - 60, z + c = 0. What is the tens digit of s?
4
Suppose 25 = 5*f + 185. Let b = f - -30. Let o(r) = -7*r**3 + r**2 + r + 1. What is the units digit of o(b)?
9
Let d be 130/14 + (-18)/63. Suppose -5*v = -8*v - d. What is the tens digit of 2/(v - 57/(-18))?
1
Let i(g) = g**3 + 27*g**2 + 57*g + 57. What is the units digit of i(-24)?
7
Suppose -8*a - 16 = -32. What is the units digit of a?
2
Suppose -5*u + 10*u - 75 = 5*v, 5*u - 2*v - 78 = 0. Let d = u - -36. What is the tens digit of d?
5
What is the hundreds digit of -5 - 2911/82*66*-2?
6
Suppose 11 = 4*m - 41. Suppose 0 = j + m*j - 1624. What is the units digit of j?
6
Suppose 7*u - 98 - 210 = 0. Suppose -5 + 140 = 5*r. Let w = u - r. What is the units digit of w?
7
Suppose 2*s = 5*h - 26, -5*h = 3*s - 29 + 93. What is the units digit of (1 + 21)/((-9)/s)?
4
Let q be 198 - 6/((-6)/3). Suppose -3*j + 3*h + 417 = 0, -558 = -4*j + 4*h - 2*h. Let v = q - j. What is the tens digit of v?
6
Suppose -a = 3*u + 4*a - 169, -u + 58 = 2*a. Suppose -r = r - u. What is the tens digit of r?
2
Suppose 5*f = 5*k + f - 1380, 0 = -f. What is the units digit of k?
6
Suppose 2*f + 3*q = 20, 4*f + 0*f - 4*q = 0. What is the tens digit of 9/(-6) + 2 + 366/f?
9
Suppose 5*u = -0*u - 85. Let x = 13 + u. What is the units digit of 999/(-18)*x/6?
7
Let g = 1 + 0. Suppose -4*b + g = -83. Let d = 14 + b. What is the units digit of d?
5
What is the units digit of 860 - (-7 - (7 + -10))?
4
Let i(o) = -o**3 + 8*o**2 - 10*o + 40. What is the units digit of i(6)?
2
Suppose -r + b + 4*b + 11 = 0, -5*b = r - 61. Let j(h) = 5*h - 14. Let t be j(13). Let z = t - r. What is the tens digit of z?
1
Suppose -3*u - 3*d + 128 = -u, -2*d - 282 = -5*u. What is the units digit of 24/(-16) + u/4?
3
Suppose -2*v + 4996 = -2*t, -4*v + 4278 = t - 5719. What is the thousands digit of v?
2
What is the hundreds digit of (0 + 17 - -2)*(-78 - -260)?
4
Suppose -6*m = -2*m - 8. Suppose 11*q - 563 = 6*q + 2*x, -m*q = 3*x - 210. What is the units digit of q?
1
Let k = 649 + 1133. What is the units digit of k?
2
Suppose 3*x - z = -x + 88, 0 = -2*x + 3*z + 44. Suppose 18 + x = 4*n. What is the units digit of n?
0
Let z(t) = t**3 + 32*t**2 - t - 166. What is the units digit of z(-31)?
6
Suppose -3*g - 27 = 3*j, 0 = -2*g + j + 2*j + 7. Let k be 2/g*(11 + -11). Let l = 22 + k. What is the tens digit of l?
2
Suppose 376 = -m + 3*m. What is the hundreds digit of m?
1
Let x be (27/18)/((-1)/2). Let b = 148 + x. What is the units digit of b?
5
Suppose -691 = -3*n + p, 4*n - 5*p - 721 = 193. What is the tens digit of n?
3
Suppose 0 = 7*v - 11*v + 76. Let j = v - -80. What is the tens digit of j?
9
Suppose -5*g = -4*n - 23 - 0, -5 = n - 2*g. Let t be (n/(-3))/(1/18). Suppose 4*c - 4*x - 83 = x, 2*x + t = 2*c. What is the tens digit of c?
2
Let v be 2/(-5) + 17/5. Let a = v - -3. Suppose -s = -a*s + 2*o + 34, 0 = -2*s - o + 19. What is the units digit of s?
8
Suppose 0 = -l + v + 557, 1933 = 4*l + 5*v - 304. What is the hundreds digit of l?
5
Suppose -4*f = p - 11, -2*f + 4*f - 7 = -p. Suppose 5*s + p*t - 105 = -2*t, -5*s - 4*t + 105 = 0. What is the tens digit of s?
2
Let u = -27 + 31. Let i be 12/(-8) - 6/u. What is the tens digit of i/2*650/(-39)?
2
Let j be (-12)/(-16) - (-3)/(-4). Suppose 2*v + 3*z - 6 = 21, j = -v - 4*z + 11. Let r = v - 6. What is the units digit of r?
9
Let w = 2839 + -1115. What is the hundreds digit of w?
7
Let z(u) = -2*u - 11. Let k be z(-9). Let m(q) = -q**3 + 10*q**2 - 6*q - 3. What is the units digit of m(k)?
2
Suppose n + 2 - 5 = -q, q - 2*n + 12 = 0. Let j(k) be the second derivative of -3*k**3/2 - k**2/2 - k. What is the units digit of j(q)?
7
Let a(d) = 2*d**2 - 26*d - 78. What is the hundreds digit